
Is 14831095 composite?
True
Is 229672577 a composite number?
True
Is 12314799785 a composite number?
True
Is 11008186283 composite?
True
Is 14141299559 a prime number?
False
Is 10913627357 prime?
False
Is 34131989 a prime number?
False
Is 4196322733 a composite number?
False
Is 192877021 prime?
False
Is 5796734917 a prime number?
False
Is 50751896257 a composite number?
False
Is 16232799223 prime?
True
Is 4348733531 a composite number?
False
Is 2404113959 prime?
False
Is 674880753 composite?
True
Is 1647284773 prime?
True
Is 8795820923 composite?
False
Is 1892577947 composite?
True
Is 1027036337 composite?
True
Is 9610044539 prime?
True
Is 6489970139 composite?
True
Is 5477863751 a prime number?
True
Is 435565019 prime?
False
Is 512663929 a prime number?
True
Is 7211669657 composite?
False
Is 2878671617 prime?
False
Is 69850781103 prime?
False
Is 1259691833 prime?
True
Is 12889651263 prime?
False
Is 172754753 composite?
False
Is 80426427091 prime?
True
Is 9468080239 prime?
True
Is 21954306193 a composite number?
True
Is 11976994823 a prime number?
True
Is 13342988851 a prime number?
True
Is 4162847347 a composite number?
True
Is 42925887473 a composite number?
True
Is 3896430469 prime?
False
Is 783321947 composite?
False
Is 167620631723 a composite number?
False
Is 46940742503 prime?
True
Is 532449719 prime?
True
Is 2058738553 composite?
False
Is 11007915649 a prime number?
False
Is 1374997307 composite?
False
Is 75162151369 a composite number?
False
Is 2009471735 composite?
True
Is 3625283153 a composite number?
True
Is 336085679 composite?
True
Is 22628296403 prime?
False
Is 22262533574 a prime number?
False
Is 2379837391 a prime number?
True
Is 11011615613 a composite number?
True
Is 16256264021 a prime number?
True
Is 1087367011 prime?
False
Is 352780007 prime?
True
Is 461991457 prime?
False
Is 2157903679 composite?
False
Is 493428869 a prime number?
True
Is 681633247 a composite number?
False
Is 2467303507 prime?
True
Is 415545959 prime?
False
Is 1088095409 a prime number?
True
Is 1341556271 a prime number?
False
Is 4676490761 composite?
False
Is 5647404481 prime?
False
Is 900697034 a prime number?
False
Is 1847042437 composite?
False
Is 85959384611 a prime number?
True
Is 17818417369 a composite number?
False
Is 1566987007 a prime number?
False
Is 1954109723 a prime number?
True
Is 972716479 a composite number?
True
Is 79427681 composite?
False
Is 311020439 composite?
False
Is 79727053 composite?
True
Is 35263351859 composite?
True
Is 34805690011 composite?
False
Is 12491897713 composite?
False
Is 204129539 a composite number?
True
Is 195222647 composite?
False
Is 1726491623 a composite number?
False
Is 9907315783 composite?
False
Is 69026352223 a prime number?
True
Is 9611097473 a prime number?
True
Is 1499360587 prime?
True
Is 1482177899 a composite number?
False
Is 27179440333 a composite number?
False
Is 511251547 a prime number?
True
Is 21314040533 a composite number?
True
Is 4769997493 prime?
True
Is 1562364397 composite?
True
Is 35139379911 a composite number?
True
Is 74586901 composite?
False
Is 2019685399 a composite number?
False
Is 6095773301 prime?
False
Is 1004402921 prime?
True
Is 2774154991 a prime number?
False
Is 6714720953 prime?
False
Is 3852274091 prime?
True
Is 9373897321 a prime number?
False
Is 1062031631 a composite number?
False
Is 11615380217 composite?
True
Is 1068664351 a prime number?
False
Is 97240579 prime?
False
Is 22353914731 a prime number?
True
Is 391403095 a prime number?
False
Is 733862279 a prime number?
True
Is 346673213 a composite number?
True
Is 23142845779 a prime number?
True
Is 3494772187 a prime number?
False
Is 46482023537 composite?
False
Is 1753171271 prime?
True
Is 12523649491 prime?
True
Is 2150476811 a prime number?
False
Is 75073652429 a composite number?
False
Is 22584550567 a prime number?
False
Is 23638443421 composite?
True
Is 5455144231 prime?
True
Is 63163333 composite?
True
Is 3262175239 prime?
True
Is 3349352387 a prime number?
True
Is 5027274937 a prime number?
True
Is 3687011453 prime?
True
Is 25940876723 a prime number?
True
Is 316098394 a composite number?
True
Is 1447822507 a prime number?
True
Is 1988756389 a composite number?
False
Is 270950463101 prime?
True
Is 2665569497 a prime number?
False
Is 3092401489 prime?
True
Is 51456385619 prime?
False
Is 7409025401 a prime number?
True
Is 820151203 a prime number?
False
Is 6706155023 prime?
False
Is 3776852771 a composite number?
False
Is 9080599882 a composite number?
True
Is 39243015353 prime?
True
Is 160056023 a composite number?
False
Is 1235604917 composite?
False
Is 2791534303 a prime number?
True
Is 13597694111 a prime number?
False
Is 23183839313 a prime number?
False
Is 136707927971 prime?
False
Is 763102057 prime?
False
Is 30658081 a composite number?
False
Is 1148052803 prime?
True
Is 712253143 a prime number?
False
Is 1521112223 composite?
False
Is 1730082883 a prime number?
False
Is 331255297 composite?
False
Is 36424630093 a composite number?
True
Is 3835098383 a composite number?
False
Is 8060572922 prime?
False
Is 18209163631 composite?
True
Is 7190661 composite?
True
Is 1194976417 composite?
False
Is 1331912279 a composite number?
False
Is 59408259637 composite?
False
Is 2843696621 a composite number?
False
Is 3261928609 a composite number?
True
Is 50711551027 prime?
False
Is 8254346591 composite?
False
Is 5144415191 a prime number?
True
Is 930723473 composite?
True
Is 2108499637 a composite number?
False
Is 20128678247 prime?
False
Is 19457749 composite?
False
Is 28425286229 composite?
False
Is 1878948301 a prime number?
True
Is 61515589 a composite number?
False
Is 789517997 prime?
True
Is 18522638063 composite?
True
Is 40051607 a prime number?
False
Is 92864315 prime?
False
Is 3113449967 a composite number?
True
Is 18364271447 a composite number?
True
Is 891603787 prime?
False
Is 2229554141 composite?
True
Is 706307599 prime?
False
Is 11399649973 composite?
False
Is 70542904219 composite?
False
Is 959636023 prime?
True
Is 121443757 a prime number?
False
Is 530746801 prime?
False
Is 5146181777 prime?
False
Is 170395549 a prime number?
False
Is 1100401447 a prime number?
False
Is 11081927513 composite?
True
Is 4740251743 composite?
False
Is 192976699 a composite number?
False
Is 36086878897 a prime number?
True
Is 35194291189 a prime number?
True
Is 5026039 composite?
True
Is 76518413 a prime number?
True
Is 44667269 a composite number?
True
Is 1706311049 prime?
False
Is 33809201 prime?
True
Is 17736636283 composite?
False
Is 369040303 prime?
False
Is 35164654169 prime?
True
Is 23182159621 composite?
True
Is 87393820901 prime?
False
Is 1120178099 a composite number?
True
Is 2481291283 a prime number?
True
Is 396295391 a prime number?
True
Is 61485145327 a composite number?
False
Is 9917942779 a prime number?
True
Is 266211661447 a composite number?
False
Is 6729964057 composite?
True
Is 190993707127 a composite number?
False
Is 2711516569 a composite number?
False
Is 161081351 prime?
False
Is 14489991751 prime?
True
Is 111256114063 composite?
False
Is 4878638327 a composite number?
False
Is 6339310693 a prime number?
False
Is 12806151263 composite?
True
Is 88034318051 prime?
False
Is 1502691733 a prime number?
True
Is 22191902099 prime?
True
Is 2145944671 a composite number?
True
Is 95033633 prime?
True
Is 47225442827 composite?
True
Is 24081427429 prime?
True
Is 9930938539 composite?
True
Is 85007753 composite?
True
Is 38870432639 prime?
True
Is 18832890787 a prime number?
False
Is 14977982183 prime?
False
Is 162918541 composite?
True
Is 2533694803 composite?
False
Is 18665519 a composite number?
True
Is 3173644301 composite?
False
Is 16849233619 prime?
True
Is 140569135991 composite?
False
Is 2684841259 prime?
True
Is 95358103 a composite number?
False
Is 1194264691 a composite number?
True
Is 6600272883 a prime number?
False
Is 44647520767 a prime number?
False
Is 610726421 a prime number?
True
Is 99280686367 composite?
False
Is 712814771 composite?
False
Is 1380598061 a prime number?
True
Is 99277991 a prime number?
False
Is 69024421 composite?
False
Is 22031040623 composite?
True
Is 22296063103 a prime number?
True
Is 100088814521 a composite number?
False
Is 7771947329 a composite number?
False
